d*a, a = -5*m - 17. Let x(y) = 17*y**2 + 4*y - 1. List the prime factors of x(m).
2, 5, 7
Let b = -5551 + 9428. What are the prime factors of b?
3877
Suppose 9*u - 44808 = -16233. Let x = 4654 - u. List the prime factors of x.
3, 17, 29
Suppose -1794 = -3*f - 2*d + 1915, -2*d = f - 1231. Let t = -492 + f. List the prime factors of t.
3, 83
Suppose 163*a = 160*a + 22491. List the prime factors of a.
3, 7, 17
Suppose 28 = 2*l + 26. List the prime factors of (l - 0)/(295020/21072 - 14).
2, 439
Let n(p) = 9*p**2 - 18*p - 49. List the prime factors of n(-17).
2, 1429
Let f be (5 - (-44)/(-8))*0. Suppose -2*m + 0*l + 1038 = -4*l, -5*m - 3*l + 2621 = f. List the prime factors of m.
523
Suppose 11*d + 110 = 22*d. Suppose 16 = -d*p + 18*p. Let k(a) = 47*a**2 - 13*a - 2. List the prime factors of k(p).
2, 5
Suppose 5*l = 16778 + 19192. What are the prime factors of l?
2, 3, 11, 109
Let g(b) = -3*b**3 + 19*b**2 + 7*b + 13. Let n be g(7). Let j be 2696/6*n/(-24). Suppose h - 287 = 3*a, -2*a = -4*h + 434 + j. List the prime factors of h.
5, 11
Let s(f) = f**3 + 28*f**2 - f - 35. Let p be s(-28). What are the prime factors of 8/12*(49 + p)?
2, 7
Let r(w) = 449*w**2 + 42*w - 269. What are the prime factors of r(8)?
3, 9601
Suppose 199336 = 68*u - 788432. What are the prime factors of u?
2, 3, 269
Let d(n) = -2*n - 205. Let m be d(12). Let r = 419 - m. What are the prime factors of r?
2, 3
Let z(o) = -o**3 + 11*o**2 + 2*o - 24. Let i be z(11). Let s(r) = -15*r**3 + r**2 - 5*r - 5. What are the prime factors of s(i)?
3, 43
Let y be (-174)/(1/(-12)*2). Let n = y + -681. Let f = n - 216. What are the prime factors of f?
3, 7
Suppose 5*b + 5*y - 14 = 1, -2*b - 5*y = -3. Suppose 20 = b*j, 2*j - 670 = -0*l - 2*l. List the prime factors of l.
2, 3, 5, 11
Let j(f) = -f. Let z(s) = -s**2 + 3*s + 2. Let q(v) = -2*j(v) + z(v). Let w be q(6). What are the prime factors of 6/w*8/(-3)?
2
Let m = 108917 + -48495. What are the prime factors of m?
2, 30211
Suppose 7*l + 25*l - 65451 = 207189. What are the prime factors of l?
2, 3, 5, 71
Suppose -34 - 22 = -7*g. Let j be 441/84 + (-10)/g + 1. Suppose -108 = -f + s, -4*f + 0*s + 436 = -j*s. What are the prime factors of f?
2, 13
Let o be ((-52)/28 - -1)/(1/7). Let b be o*(0/(-4) - -1). List the prime factors of (b/(-6) - 4)/((-3)/163).
163
Let m be 5/(-2 + (-39)/(-12)). Suppose 1094 = f - 3*g, 0 = -19*f + 16*f - m*g + 3217. What are the prime factors of f?
13, 83
Suppose 0 = 1135*r - 1174*r - 475581 + 1256556. What are the prime factors of r?
3, 5, 89
Suppose -9*w - w + 60 = 0. What are the prime factors of (-63)/(-189) - (1 - 40/w)?
2, 3
Let p(n) = -2*n**3 - 4*n**2 - 6*n + 40. Let h be p(-12). Suppose 3*k + 735 = 2*c - c, 4*c + k - h = 0. What are the prime factors of c?
3, 83
Let i(k) be the third derivative of 15*k**4/8 + 16*k**3/3 + 3*k**2 - 5. What are the prime factors of i(10)?
2, 241
Suppose 0 = 4*b + b - 125. Let r be (3/(-5) - 1)/(4/(-10)). Suppose b = r*t - 43. List the prime factors of t.
17
Let f(c) = 70*c**2 + 7*c - 21. Let b be f(-5). What are the prime factors of 2 + b + 3 + -6?
1693
Suppose 14 - 10 = 4*c. List the prime factors of 1 + (c - 0/(-5))*145.
2, 73
Suppose -7*f + 4*f + 4*c - 628 = 0, -3*c = 2*f + 413. Let m = -151 - f. What are the prime factors of m?
3, 19
Suppose 0 = -5*m - 87*m + 2368113 + 1480615. What are the prime factors of m?
2, 13, 1609
Let i be (-326)/(-3) - 12/18. What are the prime factors of ((-17739)/i)/((-102)/32 + 3)?
2, 3, 73
Suppose 13*n - 504985 = 11*n - 11*n. List the prime factors of n.
5, 17, 457
Let a = -7501 - -14097. List the prime factors of a.
2, 17, 97
Let t be (7 - 1)/12*-8. What are the prime factors of (8 - -78)/(t/(-6)) - -1?
2, 5, 13
Let b = 33 + -34. What are the prime factors of 1*b*19/((-19)/354)?
2, 3, 59
Let h be 2*(-15)/18*-3. Suppose -4*n + h - 1 = 0. Let j(z) = 164*z - 3. List the prime factors of j(n).
7, 23
Suppose 258*t - 34 = 275*t. What are the prime factors of t/17 + (-41858)/(-34)?
1231
Suppose -4*f = -t + 4, 3*t - 4 + 0 = 4*f. Suppose 5*h = t, -4*n + 170 + 2494 = -3*h. List the prime factors of n.
2, 3, 37
Let z = 492 - 495. What are the prime factors of 3/9*(z + 31*54)?
557
Let q = -21 - -23. Let m(y) = -3*y**3 - 3*y**2 + y + 2. Let x be m(q). Let h = -6 - x. What are the prime factors of h?
2, 13
Suppose 0 = -0*x - 27*x + 62775. Suppose x*v = 2327*v - 2706. What are the prime factors of v?
3, 11, 41
Suppose 0 = -27*h + 26*h. List the prime factors of 562 - -8 - (-3 - (2 + h)).
5, 23
Let o(h) = 72*h**2 + 83*h - 141. What are the prime factors of o(10)?
7, 23
Let z = 30 - 18. Let q be (-2 + (-262)/3)/((-4)/z). Suppose 5*o + r + q = 870, 2*o - 3*r = 234. What are the prime factors of o?
2, 3, 5
Let n(b) be the second derivative of 7*b - b**3 + 5*b + 8*b**2 - 4*b**2. List the prime factors of n(-22).
2, 5, 7
Let a(q) = -q**2 + q. Let m(y) = -2*y**3 - 7*y**2 + 29*y - 13. Let b(l) = -4*a(l) + m(l). What are the prime factors of b(-8)?
619
Let y be ((-216)/42)/(-6)*28/3. Suppose -y*h - 372 = -2412. What are the prime factors of h?
3, 5, 17
Suppose -1 = -4*z + 187. Suppose 0 = -2*m - 5*k + 85, 5*m - 6*m - k = -z. List the prime factors of m.
2, 5
Let b = 8547 - 8341. What are the prime factors of b?
2, 103
Let b = 29949 - 16218. What are the prime factors of b?
3, 23, 199
Let k = 21359 - 9245. List the prime factors of k.
2, 3, 673
Let x be -2*21/(-3) - (-2 - 0). What are the prime factors of 1/(x/276)*48/18?
2, 23
Suppose -y - 569 = -q, 4*y = -5*q - 1395 - 836. Let f(p) = 18*p - 48. Let i be f(3). List the prime factors of (-3)/(3/y*i/1).
2, 47
Suppose -b = 2*b - 9. Suppose 4*k + 20 = 0, -14*k = 5*x - 18*k - 35. Suppose 0 = -3*c + b, x*c + 323 = 4*n + 2*c. List the prime factors of n.
3
Suppose -4*u - 10331 = -2*y - 963, -2*u - 18712 = -4*y. List the prime factors of y.
2, 7, 167
Suppose 133*f - 391780 = 775059 + 539019. What are the prime factors of f?
2, 11, 53
Suppose -115852 = -6*f + 2*i, 5*f - 5*i = 38119 + 58431. List the prime factors of f.
2, 3, 1609
What are the prime factors of 925 - 24/40*15?
2, 229
Let c = 153 + -148. Suppose -4*r - c*k = -1779, 163 + 284 = r + 2*k. List the prime factors of r.
3, 7
Let c(r) = 1659*r**2 + 13*r + 1. What are the prime factors of c(1)?
7, 239
Let s(g) = 17*g - 10. Let p(l) = -68*l + 40. Let t(y) = 2*p(y) + 9*s(y). Let j be t(6). What are the prime factors of j + 1 + -5 - -4?
2, 23
Let l = 24661 + -4092. What are the prime factors of l?
67, 307
Let w(p) = 5*p**2 - 3*p - 8. Let d be w(-16). Let u = d + -64. List the prime factors of u.
2, 157
Let d(v) = -23*v - 157. Let z be d(-7). Suppose 2*y - 7*y - z*o = -678, -o + 672 = 5*y. What are the prime factors of y?
2, 67
Let r = -48 - -52. Suppose 0*p = 4*l + 3*p - 1269, -2*l - r*p = -632. Suppose 4*c = -14 + l. List the prime factors of c.
2, 19
Let n(k) = 45 - 57 + 191 - 47 - 196*k. List the prime factors of n(-8).
2, 5, 17
Let j(p) = 2*p - 13. Let m be j(-13). Let i = m - -24. What are the prime factors of ((-49)/3)/(5/i)?
7
Let t(o) = 108*o + 69. List the prime factors of t(12).
3, 5, 7, 13
Suppose j + 5*f - 73 = 0, 3*j + f - 59 - 118 = 0. Let h(g) = -g + 1. Let z be h(-1). Let q = z + j. List the prime factors of q.
2, 3, 5
Let b(f) = -f**3 + 36*f**2 - 34*f + 42. Let x be ((-245)/147)/(41/21 + -2). List the prime factors of b(x).
7, 11
Let l = -75 + 73. Let u be (l/6)/(3/(-27) + 0). Suppose 0 = -u*n - 107 + 593. What are the prime factors of n?
2, 3
Let f be ((-801)/(-27))/(1/33). Suppose -a - f = -3*u, 2*u - 4*a - 1634 = -3*u. List the prime factors of u.
2, 163
Let k(x) = -11*x**3 + 2*x**2 - 1. Let n be 1 + (1 - (-6)/(-2)). Let t be k(n). Let h = t + 33. What are the prime factors of h?
3, 5
Let n = -23890 + 36934. What are the prime factors of n?
2, 3, 1087
Suppose -i + 4*h + 69 + 19 = 0, 0 = 3*h. Suppose -1770 = -i*n + 83*n. What are the prime factors of n?
2, 3, 59
Let d = 1479 + 6346. What are the prime factors of d?
5, 313
Let m(q) be the first derivative of -9*q**2 + 105*q - 43. What are the prime factors of m(-12)?
3, 107
Let f(c) = 938*c - 204. List the prime factors of f(5).
2, 2243
Let m(j) = 3*j**3 + 5*j**2 - 12*j + 17. Let o be m(8). Let s = o - 1045. Suppose 0 = 4*p - 7*x + 3*x - 748, -4*p = 4*x - s. List the prime factors of p.
5, 37
Let g(t) = 